+ 1 - (494 - 467).
-38
Evaluate 102 + (5 - ((32 - 28) + (-1 - -3 - -6))).
95
What is (2 - 43) + (2524 - 2469)?
14
Evaluate (146 - (60 - -38)) + (0 - 193).
-145
Calculate 2 - (0 - 3) - (-8 - -16) - (-14 - 37).
48
Calculate (-25 + -10 - (40 + 9)) + 20.
-64
Calculate -59 - 6 - (-1809 + 1741).
3
What is the value of -33 + -2 + 833 + -835 + (4 - -1)?
-32
Evaluate -24 + 43 + -3 + 30.
46
Evaluate 26 - 36 - (-2 + 6 + -5 + -4 - -15).
-20
Evaluate (-178 - (-193 - -65)) + 12.
-38
-12 + 5 + -6 + (-1041 - -1060)
6
Calculate 45 - (26 + -12) - (12 + -4).
23
(-50 - -18 - -27) + 10 + (-3 - -1) - -40
43
Evaluate (29 - ((7 - 16) + (-3 - -26))) + 11.
26
What is the value of 7 - -24 - (-1 - (2 - (-4 - 2)))?
40
Evaluate -62 + 12 + 63 + 1.
14
What is the value of -134 - (31 - (-58 + 133))?
-90
-60 + -7 + (4 - (-14 - (16 - 11) - -10))
-54
What is 16 - 52 - -121 - (3 - -24)?
58
(-4 - ((6 - 11) + 58)) + (-3 - -8) + -3
-55
Calculate -22 - (-18 - 4) - (-200 - -67 - (-2 - -11)).
142
9 + 61 + (5 + -11 - 11 - -3)
56
Calculate 3 + 24 + -9 + (0 - 5) + (261 - 258).
16
What is the value of 66 + -2 - (-7 - ((-12 - (-32 + 9)) + -9))?
73
Evaluate -8 + (2 - (12 - 8)) + -36.
-46
Calculate -18 - (8 + 10) - (88 - 62).
-62
Evaluate 68 + (-184 - -65 - -170).
119
What is the value of 17 - (-35 + 38 + 11) - (2 + -56)?
57
Calculate (66 - 83) + -10 + 21.
-6
Evaluate (42 - 72 - 3) + (5 - 4).
-32
-9 + 17 + (14 - (36 + -16) - (-1 - -8))
-5
Evaluate -88 + 17 + 86 - 91.
-76
6 - (-541 + 551 + (11 + -2 - -4))
-17
(-5 + 22 - 7 - (-17 - -26)) + -132
-131
What is 13 + -7 - 12 - (-13 + -2) - (23 + -21)?
7
0 - ((-50 - 0 - -1) + (-13 - -21)) - -10
51
(-37 - -19) + 16 + -3 - (19 - 0)
-24
Evaluate 0 + -31 - (-1768 - -1717).
20
Evaluate -4 - ((-534 - -531) + (25 - (0 - -1))).
-25
Evaluate (-18 - (-126 - -99)) + (0 - 4).
5
Evaluate (-1 - (2 - (8 + -19)) - -9) + -60 + -11.
-76
What is -7787 - -7782 - (1 + (-1 - -2) + -28 - -2)?
19
Evaluate (17 - 6) + 0 - 0 - 29.
-18
What is -69 - (18 - (21 + -6 + -10 - 11))?
-93
-21 + -6 - 8 - (14 + -118)
69
Calculate (-39 - (-66 - -19) - (0 - 45)) + 2 + 1.
56
Calculate 2 - (7 + (4 - (4 + -21)) - -8).
-34
(24 - (22 + -9)) + -11 - (2 - (-30 - 0))
-32
Calculate -118 + -27 + (-28 - -58) + 31.
-84
What is 10 + -1 - (40 - (16 - -17))?
2
What is the value of 50 + (1 - (-11 + 13 - -11)) - 13?
25
What is the value of 3 + -8 - (-48 + 5 + 0 - (55 + -59))?
34
What is the value of 1 + -25 - (-1715 - -1696)?
-5
Evaluate (36 - (64 + 66)) + 37.
-57
Evaluate 171 + (18 - 99) - (23 + 1).
66
What is (19 + -39 - 5) + 3?
-22
1 + -21 + 1096 + -1177
-101
What is -13 + -1 + 19 - -33?
38
-2 + ((-2 - (-15 - -26) - -5) + 6 - -61)
57
Evaluate -164 + 4 + 67 + (25 - 56).
-124
Evaluate 5 + (-2 - -12) + -22 + 29 + -15.
7
What is -3 - ((-33 - 30) + 33)?
27
Evaluate 3 + (9 + -6 - 22) - (-167 - -174).
-23
Evaluate (-100 - 5) + 24 + -21 + 22 + -31.
-111
What is -103 + 40 + 4 + 12?
-47
-17 + 15 + -13 + 10 + -7 + 44
32
Calculate (-7 - (-215 - -224 - (9 + -1))) + 37.
29
Calculate -750 + 692 - (6 + 0 + -3 + 16).
-77
Evaluate (-41 + 11 - (5 + -7)) + 118.
90
14 - 1 - 1 - (-229 - -7 - -190)
44
Evaluate 4 - -9 - (33 - 6).
-14
Evaluate (68 - (-104 + 220)) + -46.
-94
What is -44 + 10 + -6 - -21 - (11 + -2 + 1)?
-29
Calculate -1 - -23 - (-12 - 6 - -17) - (-88 + 97).
14
Evaluate (-1 + -8 - -4) + 3 - (-6 + 36).
-32
Calculate (-69 - -70) + -7 + -4 + (7 - -84) + -7.
74
Calculate 10 + (-3 - (-49 + 21 - -8)).
27
What is 3800 + -3835 + (82 - -2)?
49
Evaluate -3 - 2 - (-81 + 85 + -61).
52
What is the value of -11 - -2 - (80 + 2 + 1 + (-1908 - -1895))?
-79
What is 8 - (153 - (13 - 6)) - (-31 + 5 + 17)?
-129
What is the value of (-64 - (-11 - -4)) + (-52 + 32 - -36)?
-41
64 - (-50 - (58 - 62))
110
What is the value of -17 + (-3 - 1 - (-5 - 79))?
63
14 - ((-18 - -4) + 24 + 17)
-13
Evaluate ((21 - 23) + 5 - -38) + 2.
43
What is -12 + (8 - -4) + 46 - (18 - 16)?
44
2 - 8 - ((136 - 122) + (65 - (-3 - -3)))
-85
32 - (46 - (-15 - -93))
64
Evaluate -294 + 97 + 4 - -123.
-70
Evaluate -64 - (26 + 4) - 15.
-109
-6 - 26 - (47 - -44 - 68)
-55
What is the value of (-194 - -163) + (1 - -3) + -90?
-117
What is the value of 0 + -25 - ((-4 - 23) + 14 + 21)?
-33
Calculate 50 + (3 - (5 - -24)) - -16.
40
What is 61 + (4 - 10 - (-1 + -3 + -12))?
71
Evaluate 53 + (-62 - 10) + 26.
7
What is -20 + 9 + -2 - (-102 + 68) - 108?
-87
What is 32 - 8 - (-40 - -41)?
23
Evaluate 7359 + -7264 + (2 - 89).
8
What is the value of -42 + 53 + (81 - 130)?
-38
(-159 - -138 - (-88 + -3)) + -22
48
What is the value of 25 + (12 - (-9 + 15 - -68))?
-37
Evaluate 57 + -68 + (-3 + -2 - (18 + -25)).
-9
Evaluate -54 + (0 - 5 - (78 - 79 - -10)).
-68
What is (4 - -25) + (-11 - (5 + -17 + 12 - 8))?
26
(2 - -1) + 6 + 45 + -15
39
What is (3 - -24 - (-43 + 83)) + (-1 - -9)?
-5
What is the value of -33 - 45 - (9 + -7 + -9 + 0 + -1)?
-70
What is -15 + (-12 + -41 - (-29 - -6))?
-45
(45 + 2 - (0 - -1) - (157 + -159)) + 0
48
Calculate 8 + 1 + -14 + -10 + -63 + 162.
84
38 + -112 + 20 + -1 + 39
-16
118 + (-68 - -56) + (-3 - -2)
105
Evaluate (35 - 4 - (64 + -6)) + 64.
37
Calculate 20 + (-9 - 33) + 23.
1
Calculate (3 + 6 - (14 + -9 + -13)) + -11.
6
Evaluate -6 + 2 + (10 - (19 - 5)) - (16 + -125).
101
What is -39 + 0 + (-5 - -8) + -8 + -2 + 8?
-38
What is 72 + -31 + (76 - -5)?
122
Evaluate -154 + 117 + -7 - 45.
-89
(11 - -6) + 38 + 38 + -53
40
Evaluate (-4 - -9) + (-15 - 8 - -13 - -29).
24
What is -11 + (14 - (21 + -15)) - (20 + 4 + -2)?
-25
What is -23 + 23 + 1 + 22 - 33?
-10
89 + 63 + (-130 - -17)
39
-68 + -1 + 9 + -8 + -10 - (1 - 9)
-70
Evaluate 21 - (13 + 19 + 29).
-40
Evaluate -1 + 95 + 720 + -749 + 19.
84
What is the value of 13 + -18 + (-41 + -34 - (-12 + 12))?
-80
What is the value of -1 + -5 + 12 + (-42 - -37 - 5)?
-4
What is the value of (-151 + 60 - -21) + 56 - (118 - 1 - -1)?
-132
53 - (-26 + 28 + -31 + 27)
55
What is 3 + 16 + (-161 - -157) - -2?
17
(1 - (37 + -14)) + -6 + 15 + -11
-24
Calculate 399 + -440 - (-27 + -5).
-9
What is the value of -1 - -4 - 0 - (-1901 - -1914)?
-10
26 + -18 + -18 - 7 - (-2 - -2 - 6)
-11
What is (-3 - 29) + (27 + -23 + -1 - -11)?
-18
Calculate (3 - 2 - (22 + -34 + 4)) + (-13 - -12).
8
-26 - ((-28 - -2) + 37)
-37
What is 473 + -467 - (1 + 36)?
-31
Calculate -71 - (-20 + -40) - (-2 + 3 - 39).
27
(-57 + 42 - -21) + -2 + 3 + (-6 - 44)
-43
What is the value of (-15 + 50 + -8 - -123) + -8 + 4 + 12?
158
Calculate 19 + 22 + (12 - 1) + 21.
73
-60 + 45 + -3 + -4 + 7 + 12
-3
What is (44 - 51 - (2 - 4)) + 10 + 30?
35
12 + -76 - (-4 + -8 + (10 - 8))
-54
Calculate 7 + 10 + (-81 - (-14 - -16) - -14).
-52
What is the value of -11 + -4 + -14 + (26 - 82)?
-85
Evaluate -91 - ((-185 - -80) + 53).
-39
-264 + -156 + 415 - (-1 + 1 + (-60 - -1))
54
Evaluate 0 + -4 - ((-1 - -75) + (-36 - (-26 - 1))).
-69
What is (234 - 246 - (-12 + 2)) + -8?
-10
Evaluate 35 + -22 + -19 + 2 - (-66 - (-1 + 2)).
63
Evaluate -65 - (-48 - -142) - -29.
-130
What is 47 - (1 + 2 + (1 - -3) + (42 - 45))?
43
199 - 69 - (-3 - -77)
56
-53 + (113 + -38 - 29) - (57 - -1)
-65
Calculate (-1 + -6 - -49) + (57 + -53 - (9 + 0)).
37
Evaluate (7 - (-2 + (12 - 2 - 5))) + -10.
-6
5 - 97 - (-8 + -16 + 3)
-71
-68 + -2 + -1 + 2 - (116 + (158 - 276))
-67
What is the value of 161 + -101 - (-7 + -3) - ((2 - 4) + -4)?
76
-2 + 3 - (-42 + 58) - -9 - 32
-38
Calculate -2 - (19 - 2 - 39) - -12.
32
Calculate 54 - (111 + -30) - -6.
-21
122 + -13 + (-2 + -5 + -9 - -8)
101
Calculate -61 - (-43 - 0) - 14.
-32
What is -25 + (-37 - (-8 + (14 - 23)))?
-45
Calculate (0 + (14 - (3 - -19)) - 56) + -4.
-68
What is -1 + 9 - ((71 - 41) + -27)?
5
What is the value of -14 - 1 - ((-123 - 5) + (144 - 101))?
70
What is 3 - (-5 - (33 + -19 + -13))?
9
What is (-24 + 49 - 24) + 31 + 17 + -2 + -7?
40
Evaluate 60 + -7 + 70 + -20 + -39.
64
Calculate -1034 - -1084 - (0 - -72).
-22
Calculate (5 - 1 - -16 - (869 + -871)) + 11.
33
What is (4 - (11 + 0 + -3)) + (263 - 303)?
-44
What is (-10 - -14 - 14) + 25 + -13?
2
Calculate (-70 - (51 + -64)) + 87.
30
Evaluate (7 - -1) + 25499 + -25519.
-12
Calculate 1029 - 1081 - (3 + -15).
-40
Evaluate 9 + -38 + -28 + 56 - (7 - 1).
-7
What is -12 + -58 + 40 + 122?
92
Calculate (-73 - -3) + 13 + -14 + -15 + 27.
-59
Evaluate -13 + 29 + -41 + 4 - -36.
15
Calculate 0 - 20 - (-46 - (-1 + (-81 - 47))).
-103
What is (17 - (0 